t) = -t**3 + 5*t**2 + 6*t. Let k be i(6). Let v(m) = m**2 - m + 35. What are the prime factors of v(k)?
5, 7
Suppose 3*n = 5*n. Suppose 3*f - 24 = -4*i - n*f, -5*i + 2*f = -30. List the prime factors of i.
2, 3
Suppose 0*w - 4*w = -8. Suppose -3*c + w*c + 5 = 0. Suppose -n - 12 = -c*u, 5*u - 4 + 0 = -3*n. List the prime factors of u.
2
Suppose u + u - 3*z = -2, -3*z + 4 = -4*u. List the prime factors of 8*(-2 - u)*-1.
2
List the prime factors of (-6)/(-4)*7/((-42)/(-292)).
73
Let j be 58/(-12) - (-3)/(-18). Let a = j - -11. List the prime factors of a.
2, 3
Let z = 304 + -192. List the prime factors of z.
2, 7
Let t be ((-58)/5)/(2/(-5)). Suppose u - 7 = 2*u - 3*p, -2*u + p - t = 0. List the prime factors of (-4)/u - (-31)/4.
2
Suppose -2*r - 2*r + 60 = -4*b, -4*b = 20. Let f = r - 7. What are the prime factors of (-9)/(((-9)/4)/f)?
2, 3
Let h(g) be the first derivative of -g**4/2 - 2*g**3/3 - 3*g**2/2 - g + 3. Let f be h(-2). Let q = f - 4. List the prime factors of q.
3
Let v = 9 - 2. Let k(q) = 2 - q**2 - 1 + 1 + q + 6*q. List the prime factors of k(v).
2
Let v(a) = -a**2 + 26*a + 2. List the prime factors of v(24).
2, 5
Let v(k) = -4*k**2 + 46*k - 7. List the prime factors of v(7).
7, 17
Suppose -z + 4*w = -22, -5*z + 21 + 5 = w. Let s = 17 - z. What are the prime factors of s?
11
Suppose -q + 1 - 5 = 0. Let v = q - -18. List the prime factors of v.
2, 7
Let j(b) = 3*b**2 + 12*b - 6. Let d(a) = -10*a**2 - 37*a + 17. Let c = -2 + 4. Let m(r) = c*d(r) + 7*j(r). List the prime factors of m(-11).
3
Let h(s) be the second derivative of 13*s**3/2 - s**2/2 + 2*s. Let g be h(1). Let f = -27 + g. What are the prime factors of f?
11
Let v(f) = f**2 - 7*f + 7. Let u be v(5). Let r = -17 + 26. Let i = u + r. List the prime factors of i.
2, 3
Let c be (-5 + 4)*0 - 19. Let m = c + 28. What are the prime factors of m?
3
Let v be ((-1)/(-2))/(1/12). Suppose -5 = -3*q + 2*a, -7*q + 3*q + 20 = 4*a. Suppose q*i - v = 21. List the prime factors of i.
3
Let p = -6 - -52. Suppose p + 12 = 2*k. List the prime factors of k.
29
Let q be 60/(-2)*5/(-10). Let g(i) = -i**2 + 16*i - 12. What are the prime factors of g(q)?
3
Let h(i) = i + 1. Let o(q) = 28*q + 16. Let u(t) = 12*h(t) - o(t). List the prime factors of u(-4).
2, 3, 5
Suppose -c - 2*d + 3*d = -24, 4*c - d - 111 = 0. List the prime factors of c.
29
Suppose 0 = -2*i + i + 2. Let n be -3*((-24)/(-9))/i. What are the prime factors of (-98)/(-10) + n/(-20)?
2, 5
Let b(v) be the third derivative of -v**4/6 - v**3 + v**2. Suppose -4*j - 5*t - 24 = -0*j, 0 = t. List the prime factors of b(j).
2, 3
Let d(z) = 2*z - 3. Let x be d(4). Suppose 0 = -5*f + x*c + 65, 2*f + c + c = 18. Suppose -5*r + f = -4*r. List the prime factors of r.
11
Let c(r) = r**2 + 3*r - 2. List the prime factors of c(-7).
2, 13
Let k = 36 - 12. What are the prime factors of k?
2, 3
Let k = 28 - -30. List the prime factors of k.
2, 29
Suppose 0 = p - 0 + 2, -2*f + 3*p + 40 = 0. List the prime factors of f.
17
Suppose -21 = 4*j - j + 3*m, j - 5*m = -31. Let x = j + -5. Let h = x - -30. List the prime factors of h.
2, 7
Let j = 29 + -93. What are the prime factors of (-2)/(196/j - -3)?
2
Let a be 6/(6/(-4) - -3). Suppose 7 + 13 = a*z. Suppose -25 = -3*u - 4*r - z, r + 14 = 4*u. What are the prime factors of u?
2
Let w = -14 + 12. Let m(g) = -3*g**3 - g**2 + 2*g + 3. List the prime factors of m(w).
19
Suppose -a + 6*a - 25 = 0. Let i be (a/2)/((-5)/(-130)). Suppose -2*z + i = 3*z. What are the prime factors of z?
13
Let h = -24 - -37. List the prime factors of h.
13
Let t(h) = -h**2 - 5*h + 4. What are the prime factors of t(-4)?
2
Let t = -24 - -22. List the prime factors of (6 - -12) + (-1 - t).
19
Suppose -41 = -5*a - 6. Let z(m) = m**3 + m**2 - 4*m + 4. Let r(x) = x**3 - 3*x + 3. Let t(o) = a*r(o) - 6*z(o). List the prime factors of t(6).
3, 5
List the prime factors of (-6)/(-18)*(-5 - -593).
2, 7
Let u(h) = 7*h**3 + 2*h**2 + h. Let m be u(-1). Let j(s) = s + 5. Let f be j(m). List the prime factors of f + 5/(15/12).
3
Let x(v) = v - 2. Let w be x(2). Let a(g) = -2*g**3 + g**3 - 8 + w*g**3 - 4*g + 7*g**2. What are the prime factors of a(6)?
2
List the prime factors of (5/((-20)/376))/(-2).
47
Let t be (-28)/21*-1*3. Suppose t*o - 72 = 2*o. What are the prime factors of o?
2, 3
Let q(v) = -2*v**2 - 4*v - 2. Let y be q(-2). Let z(p) = 2*p + 3. Let g be z(y). List the prime factors of g/(16/(-14) + 1).
7
Let p be (-2*(1 - 3))/(-2). Let f(l) = -l**3 + 3*l**2 + 2*l. List the prime factors of f(p).
2
Suppose 3*z + 2*z + 195 = 5*v, 0 = -2*v - 5*z + 78. What are the prime factors of v?
3, 13
Suppose 249 - 993 = -6*k. What are the prime factors of k?
2, 31
Let u be (45/(-12))/(1/(-4)). Let j = 21 - u. Suppose 3*p - 6*p = -j. What are the prime factors of p?
2
Let f(n) = -n**2 - 9*n + 6. Let z be f(-6). Suppose m + 3*s = 2*s, z = 5*m - s. Suppose -3*x - 27 = -4*x + m*o, -o - 4 = 0. List the prime factors of x.
11
Let u(h) = h - 3. Let x be u(8). Suppose -v = 4*y - 4*v - 36, -x*y + 45 = -v. List the prime factors of y.
3
Suppose -2*v = -0*v - 6. List the prime factors of ((-11)/(-2))/(v/6).
11
Let l(t) = 12*t**2 + 1. List the prime factors of l(-2).
7
Let o = 31 - 11. What are the prime factors of o?
2, 5
What are the prime factors of (2/(-3))/((-6)/36)?
2
Let o(c) = -c**2 + c. Let h be o(0). Suppose s = -h*s + 3. What are the prime factors of s?
3
Suppose -m + 0 + 6 = 0. Let x(b) = b**2 - 5*b + 9. Let a be x(m). List the prime factors of 5/a - 70/(-6).
2, 3
Suppose 0 = 4*i - 12, 5*k = -5*i + 105 + 1420. What are the prime factors of k?
2, 151
What are the prime factors of 3 + -3 + (-46)/(-1)?
2, 23
Let h be (-33)/(-9) - 3/(-9). Let i(n) = n + 6*n**2 + 2*n + 2*n + h*n**3 - 3*n**3. What are the prime factors of i(-4)?
2, 3
Suppose 14*d - 10*d = 376. What are the prime factors of d?
2, 47
Let m(p) = 7*p - 18. Suppose -4 = -d - 3. Let u(b) = b - 1. Let f(q) = d*m(q) - 5*u(q). List the prime factors of f(9).
5
Let w(z) = 5*z**2 - z + 3. Let p(n) = n**3 + 9*n**2 + 3. Let h be p(-9). Let u be w(h). Let d = u - 24. What are the prime factors of d?
3, 7
Suppose -6*m + 316 = -m - v, -2*v = 2. List the prime factors of m.
3, 7
Let x(u) be the second derivative of u**6/180 - u**5/24 - u**4/8 + u**3/6 - 4*u. Let o(z) be the second derivative of x(z). What are the prime factors of o(4)?
3
Let n = 85 + -168. Let v = n + 133. What are the prime factors of v?
2, 5
Suppose 4*y = 3*n - 2, -y - 7 = -3*n - 2*y. Let l be 6 + -2 + n + 0. What are the prime factors of l - (1 + -2 - -2)?
5
Let s be (-3)/(-2)*(-8)/6. Let i be (29/2)/(s/4). Let f = i - -41. What are the prime factors of f?
2, 3
Let c(h) = -2*h - 6. Let x be c(-5). Suppose 19 = 3*q + x. What are the prime factors of q?
5
Let m(p) = -2*p**2 - 3*p - 1. Let r be m(-2). Let c = -8 - r. Let b(q) = -q**2 - 8*q - 7. What are the prime factors of b(c)?
2
Let g(o) be the third derivative of o**5/30 + 5*o**4/24 + 2*o**3/3 - o**2. List the prime factors of g(-3).
7
Let n = -3 - -11. Suppose 3*j - 4*j = t + n, 4*j + 42 = -5*t. List the prime factors of (-8)/20 - 64/t.
2, 3
Let l(n) = n - 4. Suppose -30 = 3*b - 6*b. List the prime factors of l(b).
2, 3
Let l = 18 - 15. Suppose 0*z - 69 = -l*z. What are the prime factors of z?
23
Let h = 9 + -7. Suppose -6 = -2*o + h. What are the prime factors of o?
2
Suppose -972 - 1788 = -10*v. List the prime factors of v.
2, 3, 23
Let i(s) = -s**3 - 7*s**2 - 6*s + 5. Let d be i(-6). Suppose -1 + d = a. What are the prime factors of a?
2
List the prime factors of 1450/(-15)*12/(-10).
2, 29
Let b(m) = -m - 4. Let l be b(15). Let c = l - -45. List the prime factors of c.
2, 13
Let p(i) = i + 3. Let b be p(4). Let k(h) = -h**2 + 6*h + 7. Let s be k(b). List the prime factors of (0 + 2 + s)*2.
2
Let b(x) = -3*x + 2*x - x + 6*x**2 + 4*x - 1. Let g = -3 - -4. List the prime factors of b(g).
7
Suppose -5*q + g + 1192 = 0, -5*g + 1585 = 5*q + 405. What are the prime factors of q?
2, 7, 17
Suppose o + 5*m - 67 = 0, 0 = -o - 3*m - 22 + 91. List the prime factors of o.
2, 3
Suppose -2*w = -119 + 33. What are the prime factors of w?
43
Let g be (10 - -2)/4 - 3. Suppose -7*i + 8*i - 38 = g. What are the prime factors of i?
2, 19
Let h(y) = 2*y**2 - 4*y + 3. Let x be h(3). Let t(a) = a + 12 + 0*a - 4